22/(-33)). Let t(k) = 2*k - 14. Calculate t(i).
8
Let z(f) = -f - 3. Let y(w) be the second derivative of 0 + w + 1/6*w**3 + 2*w**2. Let b(q) = -3*y(q) - 4*z(q). Calculate b(2).
2
Let m(k) = 3*k**2 - 5*k + 1. Let r be m(2). Let h(z) = z**3 - 3 + 0*z**3 + 5 - 4*z**2 + 4*z - 3. Let b be h(r). Let o(i) = 2*i. Calculate o(b).
4
Suppose -131 - 361 = -41*c. Let n(r) = -r**2 + 11*r + 13. What is n(c)?
1
Let n(h) = -2*h - 4. Let s(p) = -p**3 + 6*p**2 + 24*p - 113. Let m be s(7). Calculate n(m).
-16
Let i(b) be the first derivative of -b**2/2 + 3*b - 29. Suppose -5*y = -29 - 11. Let m be y/20 + 54/(-10). Give i(m).
8
Suppose -3*n = n + 16. Suppose -2*v + 9 = -2*f - 33, -145 = -5*v - 3*f. Let q(g) = -17*g - 8. Let y(z) = 4*z + 2. Let j(x) = v*y(x) + 6*q(x). What is j(n)?
-4
Let z(r) = -4*r**2 - 5*r - 5. Suppose 28*p - 26*p + 4 = 0. Give z(p).
-11
Let p(o) = -5*o**2 - 2*o - 2. Let w(r) be the first derivative of -14*r**3/3 - 7*r**2/2 - 5*r + 31. Let l(u) = 11*p(u) - 4*w(u). Determine l(-6).
-2
Let y(n) = n**2 - 3*n + 3. Let w be 15*((-216)/(-30) + -3 + -4). What is y(w)?
3
Let y(d) = -d**3 + 8*d**2 - 9*d + 17. Let w(z) = z**2 - 43*z + 163. Let h be w(39). Give y(h).
3
Let h(n) = n - 1. Let p(b) = -b + 10. Let y be p(9). What is h(y)?
0
Let q(o) = 3*o**3 + 14*o**2 - 17*o - 17. Let p(j) = j**3 + 5*j**2 - 6*j - 6. Let y(n) = 17*p(n) - 6*q(n). Determine y(0).
0
Let o(b) = 31 + 32 - b - 96 + 33. Let d be (-16)/(0 - -2)*-1. Calculate o(d).
-8
Let j(m) = 3*m**2 + 2*m + 1. Let y = 190 + -268. Let z = -79 - y. Give j(z).
2
Let x(l) = l + 2. Suppose 0 = 5*t + 2*r - 6*r - 30, -4*t + 13 = -r. Suppose -o = -t*o. Suppose d = -2*q + 10, o*q - 2*q - 2*d = -6. What is x(q)?
9
Let k(b) = -b**3 + 11*b**2 + 15*b - 17. Let w(m) = 2*m**3 - 23*m**2 - 31*m + 32. Let d(t) = 7*k(t) + 3*w(t). Determine d(9).
4
Let w be (-2 - -1)*(-1)/(-1). Let v(j) be the second derivative of -j**4/4 + 15*j. What is v(w)?
-3
Let r(b) = b - 2 + 7 - 7 + 0*b. Give r(-2).
-4
Let t(f) = f**3 + 30*f**2 - 29*f + 64. Let o be t(-31). Let b(h) be the first derivative of -5 + 3*h + 3*h**o + 2/3*h**3. Determine b(-4).
11
Let g(z) be the second derivative of -z**5/20 - z**3/3 - 7*z**2/2 + 9*z - 5. Give g(0).
-7
Let c(t) = 26*t**2 - 9*t**2 - t**3 - 6 - 16*t + 17 - 3. What is c(16)?
8
Let w(p) = 4*p**2 - 18*p - 10. Let v be w(5). Let b(l) be the second derivative of v + 1/3*l**3 + 3/2*l**2 - 4*l. Calculate b(-5).
-7
Suppose -b - t + 1 = 2*t, -15 = -b + 4*t. Let z(s) be the first derivative of s**3/3 - 4*s**2 + 10*s + 2. Let r be z(b). Let p(f) = f**2 - 2*f. Calculate p(r).
3
Let s(b) = -5*b**3 + 7*b**2 + 3*b - 8. Let x(d) = 4*d**3 - 7*d**2 - 5*d + 9. Let l(j) = 3*s(j) + 4*x(j). Determine l(8).
-12
Let a(w) be the third derivative of w**5/20 + 7*w**4/24 - w**3/2 + 13*w**2. Let d(f) = 5*f**2 + 13*f - 6. Let s(r) = -7*a(r) + 4*d(r). What is s(4)?
-7
Let v(s) = -s - 5. Suppose 6 = x - 27. Suppose -4*y - 2*o = -3*o + 18, -5*y - 4*o = x. What is v(y)?
0
Let s(x) = 2*x + 4. Suppose 2*m - 6 = 5*z, 0 = z - 5*z - m - 10. Determine s(z).
0
Let z(n) = -13*n - 1. Let l(c) = c**2 - 7*c - 17. Let f be l(8). Let k(g) = 72 + 3*g - 72. Let r(m) = f*k(m) - 2*z(m). What is r(5)?
-3
Let z(t) be the second derivative of t**4/12 + 2*t**3/3 - t**2 - 6*t - 17. Determine z(-4).
-2
Let p = -21 - -27. Suppose 0 = -p*u + 4*u. Let b(w) = -w**2 - w - 3. What is b(u)?
-3
Let i(r) = -r + 1. Suppose 0 = -3*v + 4*s + 10, 2*v - 1 = -4*s + 19. Give i(v).
-5
Suppose 0 = 9*l - 7*l. Suppose 6*h - 5*h = l. Let g(p) = p**2 + 4. Give g(h).
4
Let h(z) = 10*z + 5. Let c(j) = -22*j - 11. Let r(w) = -2*c(w) - 5*h(w). Determine r(-3).
15
Suppose 30 = -3*h - 5*f, 4*h = 2*f - 8 - 32. Let g(x) = x**2 + 11*x + 9. Give g(h).
-1
Let r(a) be the third derivative of -a**8/10080 + a**7/1680 + a**6/180 + 11*a**5/15 + 2*a**2. Let n(g) be the third derivative of r(g). What is n(3)?
-5
Let p(c) = c**3 - 3*c**2 - 2*c + 5. Let k be p(4). Suppose 5*s = k - 3. Suppose s*w - 1 = -3, -3*w = -v + 8. Let m(d) = -d**2 + 4*d + 6. What is m(v)?
1
Let l(o) = -o - 1. Let a(n) = n - 2. Let s(y) = 2*a(y) - 4*l(y). Suppose 4*q - 4 = -0*q. Determine s(q).
6
Let g(m) = -6*m**2 + 176 - 90 - 89 - 4*m. Determine g(-2).
-19
Let t(z) be the second derivative of -z**3/6 - 3*z**2/2 - z. Let q be -2 - ((-6)/(-9))/((-14)/(-21)). What is t(q)?
0
Let o(x) = x**3 + 2. Let y be ((-3)/2)/(18/36). What is o(y)?
-25
Let m(k) = 3*k + 3. Let u = 2 + 3. Suppose -n + u*n = -20. What is m(n)?
-12
Let a(t) = t. Suppose -5*j + 2*r = -106, -3*j + 0*r + 45 = 5*r. Suppose 17*u - 21 = j*u. What is a(u)?
-7
Let g be (-192)/(-88) + 4/(-22). Suppose g*u + 3*x + 1 = 0, 0 = -2*u + 6*x - x - 25. Let m(q) = -q - 7. Give m(u).
-2
Let o(g) be the second derivative of 0 - 13*g + 1/3*g**3 - 1/2*g**2 - 1/12*g**4. Calculate o(1).
0
Suppose -2*s + 7*s = 40. Suppose 3*z + 2*t = s, -2*z + 4*t + 16 + 0 = 0. Let x(c) = c + c + c**3 - 4 + 2 + z*c**2. Give x(-3).
1
Let v(z) be the first derivative of 3*z**2/2 - 3*z + 30. Let n be (-2 - -4)/((-3)/(-3)). Calculate v(n).
3
Let f(b) be the second derivative of -b**5/20 + b**4/12 + b**3/6 + 9*b**2 + 47*b - 5. Calculate f(0).
18
Let q = 20 + -19. Let g(z) = -2 + q - 6*z + 8 + z**2. What is g(6)?
7
Let b(l) = l. Suppose -5*t = 0, 18 - 6 = 4*c + 5*t. Let g be 3 + (3/1 - c). Let u = -7 + g. What is b(u)?
-4
Let w(v) = -2*v**3 - 2*v**2 - 3*v - 4. Let b be w(-2). Let y = b - 8. Let d(j) = -j**3 + 4*j**2 + j - 2. Calculate d(y).
8
Suppose 0*a + 5*z = 2*a - 16, 10 = 5*a - 5*z. Let g(p) = 22*p + 1. Let o(d) = -28*d - 2. Let f(m) = 5*g(m) + 4*o(m). Determine f(a).
1
Let q(v) be the first derivative of v**4/4 - 7*v**3/3 + 3*v**2 + 6*v + 51. What is q(5)?
-14
Suppose -11*k = 180 - 70. Let x(t) = t**3 + 10*t**2 + 4. Give x(k).
4
Let r = -7 - -13. Let o be (r/9)/((-3)/(-9) + -1). Let g(c) = -3*c**3 + c + 1. Calculate g(o).
3
Let a(x) = x**3 - 4*x**2 - 4*x - 2. Let j be a(5). Let n(l) = -7*l + 23*l**2 - 24*l**2 - j - 2. Let k = -1664 + 1660. Calculate n(k).
7
Suppose 0*m = -4*i - 4*m + 4, 0 = -m. Let l(j) = 4*j - j - 5*j**2 - 1 - 14*j**2 - 2*j. What is l(i)?
-19
Let b(q) = q**2 + 12*q + 31. Let u be -1 - (25/6 + 29/(-174)). Give b(u).
-4
Let g(c) = c**3 + 20*c**2 + 74*c - 2. Let k be g(-5). Let m(q) be the second derivative of 0 - q**k - 11*q - 1/2*q**2 - 1/6*q**4. Give m(-4).
-9
Let s(w) = -21*w**2 - 3 + 18*w**2 - w + 5 + 3*w + 0*w. Let l be -1 - (0 - 1)*3. Determine s(l).
-6
Let k(w) = 2*w - 1. Let s(h) = -2*h + 2. Let p(j) = 4*k(j) + 3*s(j). Suppose 2*x - 4*x = 0. Let r be (x - 3)*-1*1. What is p(r)?
8
Let s(q) = -q - 10. Suppose k = 5*c + 43, -151*k = 3*c - 149*k + 31. What is s(c)?
-1
Let n(l) = -l**2 + 6*l + 1. Let w be n(5). Let p be (0/(-1))/((-12)/w). Let g be 5/(-5)*(-3 + p). Let c(t) = -3*t - 1. What is c(g)?
-10
Let s(q) be the third derivative of 0*q + 1/120*q**6 + 10*q**2 - 1/3*q**4 + 0 + 7/60*q**5 - q**3. Determine s(-8).
-6
Let o(p) be the first derivative of p**4/4 - 8*p**3/3 + 4*p**2 - 10*p - 219. Determine o(7).
-3
Let n(a) = a**2 + 2*a - 3. Let d(x) = 4*x**2 + 4*x - 4. Let r(c) = d(c) - n(c). Give r(2).
15
Let v(d) = d**3 - d**2 - 7*d - 7. Let t(f) = f + 1. Let o(k) = 4*t(k) + v(k). Let l be (-5 + 2)/(21/(-112)). Let u = -13 + l. Determine o(u).
6
Let z(f) = -f**2 - 5*f + 5. Let x(g) = 2*g**2 + 13*g - 11. Let n be x(-10). Let p = -65 + n. Calculate z(p).
-1
Let u(w) = -w + 4*w - 6 - 2*w. Suppose 4*g = -g + 50. Suppose b = -b + g. Give u(b).
-1
Let n(t) = 12*t - 34. Let c be n(3). Let y(o) = o**3 + o**2 + 2*o. Give y(c).
16
Let c(p) = 5 + 45*p - 54*p**2 - 48*p + 55*p**2. What is c(4)?
9
Let o(t) = -4*t**2 + 2*t - 3. Let n(d) = -3*d**2 + 7*d - 3. Let m(g) = -g. Let q(v) = 5*m(v) + n(v). Let c(i) = 4*o(i) - 5*q(i). What is c(-4)?
-5
Let m(f) = f - 3. Let w(d) = -d. Let b(p) = -m(p) + 4*w(p). Let q(v) be the third derivative of v**4/24 - 2*v**3/3 - v**2. Let a be q(6). Determine b(a).
-7
Let t(g) = 2*g**3 + 3*g - 3. Let n be t(3). Suppose -2*p - 50 + n = 0. Let w(c) = -c**3 + 4*c**2 + 4*c + 1. Determine w(p).
-4
Let i(v) = 3*v + 23. Suppose m + 11 = -t, -2*m - 47 = t - 4*t. Calculate i(m).
-25
Let s(m) = 23*m - 10. Let b(u) = -8*u - 1. Let o(g) = 3*b(g) + s(g). Give o(-16).
3
Suppose 72 + 0 = 4*u. Let m(w) = -4*w**2 + 5*w**2 - u*w + 0*w**2 + 13*w - 2. Determine m(6).
4
Let q(v) = -7*